 of (-16272 + 6)/((-186)/15 + 12)?
0
Suppose 746*u = 678*u + 180540. What is the units digit of u?
5
Suppose -3*n + 184141 = o, -4*n + 33268 = 5*o - 212224. What is the ten thousands digit of n?
6
Let t = 239 + -226. Suppose -4*z + 235 = q, -2*q + 16*z + 503 = t*z. What is the hundreds digit of q?
2
Suppose 15 = 10*g - 5. Suppose g*q - l = l - 4, 0 = -l + 2. Suppose q*v = v - 2*u - 67, -3*u = v - 72. What is the units digit of v?
9
Let h(b) be the first derivative of -b**2 + 375*b + 22. What is the units digit of h(0)?
5
Suppose 43*w - 1081024 = 11*w. What is the tens digit of w?
8
Suppose 4*y + 6 = -z, 11*y - 8 = -5*z + 10*y. Let g(i) = 45*i**2 + 10*i - 21. What is the tens digit of g(z)?
7
Suppose -v = v + 58. Let g(s) = s**2 - 27*s - 148. Let r be g(30). Let t = v - r. What is the units digit of t?
9
Suppose -4796 = -5*m + g, 2*m + 0*m - 1916 = g. Suppose 321*b - 326*b + m = 0. What is the tens digit of b?
9
Let h = 562 + -559. Suppose -3188 = -h*u - 5*m, 3*u + 1712 = -2*m + 4888. What is the thousands digit of u?
1
What is the thousands digit of 5/((-70)/88)*(-8771)/14?
3
Let j = -5752 - -14375. What is the hundreds digit of j?
6
Let q = -2132 - -5252. Suppose 0 = -136*m + 121*m + q. What is the tens digit of m?
0
Suppose -w + 4*l + 274 + 400 = 0, -2*w - 5*l = -1322. Let j = -122 + w. Suppose -j - 976 = -8*k. What is the tens digit of k?
9
Suppose 2*s - 123 = 10661. Suppose 3*h = -2*t + s - 543, -3*h = t - 4853. What is the hundreds digit of h?
6
Let l(p) = 39*p**3 + p**2 - 13*p - 20. Let h(r) = 77*r**3 + 2*r**2 - 25*r - 39. Let w(g) = -6*h(g) + 11*l(g). What is the tens digit of w(-2)?
6
Let s(u) = 27*u + 11. Let h be s(-2). Let o = 47 + h. Suppose -o*r + 0*r - 2*j + 412 = 0, -r + 4*j + 112 = 0. What is the units digit of r?
4
Suppose 37*n = 11*n + 92872. What is the units digit of n?
2
Suppose 5*o - 44 = o. Let i = o + -1. What is the tens digit of 1014/10 + (-4)/i?
0
Suppose -2*r - q + 6 = 3, -3*r + 4*q = -21. Suppose r*a - 4*y = -0*y - 700, 0 = -4*a + 5*y - 935. Let v = -136 - a. What is the hundreds digit of v?
1
Suppose -4*d = 2*c - 4800, 3*c + 4*d = 2*c + 2396. What is the hundreds digit of c?
4
Let s(g) = -3*g**2 + 27*g + 78. Let u(q) = 5*q**2 - 28*q - 79. Let o(a) = 4*s(a) + 3*u(a). What is the hundreds digit of o(-17)?
5
Let q be -3*(-10)/6 - -9. Suppose 4 - 18 = -q*l. What is the tens digit of (232/(-16))/(((-2)/l)/12)?
8
Let y be (3 - 1/3)/(2/660). Let p = y + -543. What is the tens digit of p?
3
Suppose 3*u - 5667 = -3*t, -5*t + 5*u + 8946 = -509. What is the hundreds digit of t?
8
Let z = 301 + -298. Suppose 0 = -l + 5*q + 249, -1050 = -z*l - l + 2*q. What is the hundreds digit of l?
2
Suppose -47*a = -51*a + 25416. What is the thousands digit of a?
6
Let w be (-36)/(-8) + (-50)/20. Suppose -q = -5*q - 5*j + 7660, 5*j = w*q - 3800. What is the thousands digit of q?
1
Let s = 44052 + -22739. What is the tens digit of s?
1
Let q be (-14)/(-8) - (0 - (-6)/8). Let l be (-4 - 0)*(-13 - -4) + q. Let u = 90 - l. What is the units digit of u?
3
Let x = 35 + -150. Let r = 272 + x. What is the units digit of r?
7
What is the thousands digit of (-44)/((-528)/770838) - 6/(-4)?
4
Suppose -78*a + 3658781 = 975503. What is the units digit of a?
1
Let k(o) = o + 1. Let u(d) = -32*d - 11. Let t(q) = 3*k(q) + u(q). Let l be t(-4). Let w = l - 40. What is the units digit of w?
8
Suppose -23 = 8*q + 113. Let t = 207 + q. What is the hundreds digit of t?
1
Let y(q) be the third derivative of 11*q**5/60 + 193*q**3 + 71*q**2 + 1. What is the units digit of y(0)?
8
Let v = -96 + 108. Let f(k) = -16*k + 39*k - v*k + 5 + 6*k**2. What is the units digit of f(5)?
0
Suppose -16150 = -8*s - 2326. Suppose -8*w + 5*w + s = 3*p, -5*p - 2880 = -5*w. What is the hundreds digit of w?
5
Let g(f) = -87*f + 30. Let b(p) = 174*p - 59. Let m(n) = -6*b(n) - 11*g(n). What is the tens digit of m(-3)?
8
What is the units digit of ((-16037)/609)/((-1)/483)?
9
Let k(q) = -8*q**2 - 27*q + 223. Let x be k(10). Let g = 1550 + x. What is the units digit of g?
3
Let h = 110 - 56. Let s be 1 + -3 + h/9. Suppose -s*w + r = -122, -r = -0*w + w - 33. What is the units digit of w?
1
Suppose -47 = -17*m + 21. What is the hundreds digit of (-930)/m*((-56)/21)/2?
3
Suppose 2 = -2*l + 2*t, 17*t + 23 = 2*l + 20*t. Suppose -l*d - 348 = -2*q - 932, -584 = -4*d + q. What is the units digit of d?
6
Suppose 2*g + 2*s - 2228 = 0, -9 = 4*s + 3. Suppose 4*w + g + 660 = 3*a, w + 2973 = 5*a. What is the units digit of a?
5
Suppose -5 + 11 = 3*a. Suppose -a*l + 338 = 82. Suppose -g = -u - 3*u + 242, 2*u + 3*g = l. What is the tens digit of u?
6
Suppose 3*y + 8125 - 23586 = -4*n, -2*y = 4*n - 15458. What is the thousands digit of n?
3
Suppose 0 = -76*h + 71*h + 45. Let n(u) = 3*u**3 - 13*u**2 + 4*u + 63. What is the units digit of n(h)?
3
Let h(p) = 2*p**2 - 31*p + 89. Let d be h(12). Suppose -899 - 449 = -4*b - c, -20 = d*c. What is the units digit of b?
8
Let d be 2/(-9) - (105190/18)/5. Let y = -394 - d. What is the tens digit of y?
7
Let r = -149 + 154. Suppose -r*q + 10*q = 2*y - 3783, 5*y = -2*q + 9472. What is the units digit of y?
4
Suppose 24*z - 4400496 = -120*z. What is the units digit of z?
9
Let m = -70 + 54. Let q = m - -21. Suppose d - 796 = -q*u, 4*u = u + 4*d + 496. What is the tens digit of u?
6
Let r = -7080 + 16532. What is the thousands digit of r?
9
Let u(b) = 280*b - 1065. What is the units digit of u(31)?
5
Let k(c) = -99*c**3 - 9*c**2 - 24*c - 263. What is the thousands digit of k(-6)?
0
Suppose -2*f - 3640 = -0*f - 25428. What is the thousands digit of f?
0
Suppose 26*b - 12775 = 131948 + 86625. What is the tens digit of b?
9
Let h = -1267 - -1825. Let m be h - 8/(-10)*(-10)/(-4). Suppose z + 4*z = m. What is the units digit of z?
2
Suppose 49*a + 9*a + 8*a - 1974324 = 0. What is the thousands digit of a?
9
Suppose -6*h - 2582 = -11*h - 3*q, -2*h + 4*q + 1012 = 0. Let b = -271 + h. What is the hundreds digit of b?
2
Let o = -144 + 23. Let f = 32 - o. Suppose z + 64 - f = 0. What is the units digit of z?
9
Let m be (-21)/(-49) - (398/14 + -1). Let y = m + 40. What is the tens digit of y?
1
Let a be (66/165)/(4/(-7690)). Let s = a - -1415. What is the units digit of s?
6
What is the ten thousands digit of 388984/(-44)*(-12 + (-26)/(-4))?
4
Let v be (-2)/5*10/8*-4. Suppose -9*l + 16 = -v. Suppose 2*s + 3*t = 3*s - 159, l*s = -4*t + 308. What is the tens digit of s?
5
Let r(b) = b**3 + 13*b**2 + 12*b + 39. Suppose 2*y + 36 = -4*f + 6*y, 0 = 5*f - 4*y + 48. What is the units digit of r(f)?
9
Let z = 19371 - 2031. What is the ten thousands digit of z?
1
Suppose 5*n + 25 = -3*r, -4*n - 4*r - 38 + 10 = 0. Let y be (2 - 1) + (-6 - 0). What is the tens digit of (y/n - 2)*28?
1
Let y = -42 + -5. Let m be (8/4)/(-2)*y. Suppose f - m = 9. What is the units digit of f?
6
Let s = 7546 + -4991. Suppose 220*d = 215*d + s. What is the units digit of d?
1
Suppose 5*t - 7*t = -6. Let i(k) = -4*k**t + 6*k + 2*k**2 - 1 - 6*k - k**3. What is the units digit of i(-2)?
7
Let m = 106264 - 72096. What is the thousands digit of m?
4
Let r(o) = o**3 - 14*o**2 - 17*o + 36. Let j be r(15). Let x = j - -232. What is the units digit of x?
8
Suppose 2*p + 2841 - 15259 = -2*r, 4*p = 3*r + 24843. What is the tens digit of p?
1
What is the hundreds digit of 27843/4 + (-11)/(-44)?
9
Suppose 107802 = 5*l - 3*n, 126*l - 127*l + n + 21558 = 0. What is the hundreds digit of l?
5
What is the units digit of 132*(-12)/54*17*-15?
0
Suppose 1060*y = 4*v + 1058*y - 289406, 217050 = 3*v - y. What is the ten thousands digit of v?
7
Let z(r) = 6*r**2 + 2. Let c be z(-1). What is the tens digit of 3246/c + (-72)/96?
0
Let v = -172489 - -254751. What is the tens digit of v?
6
Let s be ((-76)/(-12) + -6)/(3/11403). Let u = -1 - 9. What is the hundreds digit of 0 + (s/5 - (-4)/u)?
2
Let t(n) = -7*n + 1. Let l = -71 + 67. What is the units digit of t(l)?
9
Let v(p) = 95*p**3 - 13*p**2 + 48*p - 170. What is the thousands digit of v(7)?
2
Suppose 188*q - 201*q = -2509. Suppose -189*r + q*r = 6232. What is the hundreds digit of r?
5
Let t(i) = 6*i**2. Let u be t(-1). Let d(n) = -3*n + u + 4*n + 14. What is the units digit of d(-18)?
2
Let z(x) = -x**3 + 37*x**2 - 39*x + 108. Let m be z(36). Suppose m = 3*l - 2167 - 362. What 